{"id":3,"date":"2023-09-30T21:36:43","date_gmt":"2023-09-30T21:36:43","guid":{"rendered":"http:\/\/onicop.blog\/?page_id=3"},"modified":"2023-10-20T08:56:04","modified_gmt":"2023-10-20T08:56:04","slug":"politica-privacidade","status":"publish","type":"page","link":"https:\/\/onicop.blog\/?page_id=3","title":{"rendered":"Pol\u00edtica de privacidade"},"content":{"rendered":"\n<p>Nas Casinhas Beira-Mar respeitamos a sua privacidade e agradecemos a confian\u00e7a em n\u00f3s depositada. A privacidade dos nossos clientes e fornecedores \u00e9 para n\u00f3s fundamental. Assim, queremos que esteja informado sobre a nova legisla\u00e7\u00e3o da prote\u00e7\u00e3o de dados pessoais, que entrou em vigor no dia 25 de maio de 2018, e sobre as medidas e os procedimentos que adotamos para o efeito. Neste contexto, desenvolvemos uma Pol\u00edtica de Privacidade, sujeita aos mais elevados padr\u00f5es de seguran\u00e7a e privacidade, onde garantimos que os seus dados pessoais ser\u00e3o tratados de acordo com as suas finalidades e os direitos que lhe s\u00e3o consagrados. Nesta Pol\u00edtica de Privacidade explicamos quem somos, para que finalidade podemos utilizar os seus dados e com quem os partilhamos, quanto tempo os mantemos, bem como as formas de entrar em contacto connosco e de exercer o seu leg\u00edtimo direito.<\/p>\n\n\n\n<p>1. Quem somos<\/p>\n\n\n\n<p>Com mais de 5 anos de experiencia, somos uma empresa de Alojamentos Locais situada na Nazar\u00e9, Leiria. N\u00e3o possu\u00edmos instala\u00e7\u00f5es abertas ao p\u00fablico.<\/p>\n\n\n\n<p>Vendemos e reparamos um leque de conceituadas marcas na \u00e1rea da inform\u00e1tica.<\/p>\n\n\n\n<p>Privilegiamos acima de tudo a satisfa\u00e7\u00e3o do cliente apresentando as mais diversas solu\u00e7\u00f5es, hardware ou software de produtos com qualidade e fiabilidade. Satisfazendo os clientes mais exigentes, come\u00e7ando nos particulares, terminando em empresas privadas ou institui\u00e7\u00f5es p\u00fablicas.<\/p>\n\n\n\n<p>2. Respons\u00e1vel pelo tratamento dos seus dados pessoais e contactos<\/p>\n\n\n\n<p>Os seus dados s\u00e3o tratados pela Casinhas Beira-Mar, NIF 509614582, com Morada em Rua Mestre Ant\u00f3nio de Almeida Grosso n\u00ba131, c\u00f3digo postal 2440-234 Batalha. A Casinhas Beira-Mar \u00e9 a respons\u00e1vel pelo tratamento dos dados pessoais de acordo com o estabelecido no Regulamento Geral de Prote\u00e7\u00e3o de Dados (Regulamento (EU) 2016\/679 do Parlamento Europeu e do Conselho, de 27 de abril de 2016) Para qualquer quest\u00e3o relacionada com o tratamento dos seus dados pessoais poder\u00e1 contactar-nos atrav\u00e9s dos seguintes meios:<\/p>\n\n\n\n<p>Telefone: +351 919592550<\/p>\n\n\n\n<p>E-mail: fernandofigueiredoferreira@gmail.com<\/p>\n\n\n\n<p>3. Recolha de dados pessoais<\/p>\n\n\n\n<p>A Casinhas Beira-Mar&nbsp;recolhe os seus dados pessoais, entre outras, nas seguintes situa\u00e7\u00f5es:<\/p>\n\n\n\n<ul class=\"wp-block-list\">\n<li>Se se registar e\/ ou navegar no nosso website;<\/li>\n\n\n\n<li>Se utilizar a nossa loja online;<\/li>\n\n\n\n<li>Se proceder ao preenchimento e entrega dos seus dados pessoais atrav\u00e9s do nosso Formul\u00e1rio de Consentimento;<\/li>\n\n\n\n<li>Se efetuar um pedido de or\u00e7amento;<\/li>\n\n\n\n<li>Sempre que celebre connosco um contrato.<\/li>\n<\/ul>\n\n\n\n<p>4. Finalidade e fundamento da utiliza\u00e7\u00e3o dos seus dados pessoais<\/p>\n\n\n\n<p>A Casinhas Beira-Mar para al\u00e9m das situa\u00e7\u00f5es em que trata dos dados para cumprimento de imposi\u00e7\u00f5es legais, tratar\u00e1 os seus dados pessoais com as seguintes finalidades:<\/p>\n\n\n\n<ul class=\"wp-block-list\">\n<li>Presta\u00e7\u00e3o de Servi\u00e7os: em geral, os seus dados pessoais s\u00e3o tratados e utilizados para a gest\u00e3o da rela\u00e7\u00e3o contratual, para lhe prestarmos os nossos servi\u00e7os e para a adequa\u00e7\u00e3o dos nossos servi\u00e7os \u00e0s suas necessidades e interesses. Os seus dados pessoais ser\u00e3o ainda tratados para a presta\u00e7\u00e3o de servi\u00e7os de terceiros, quando o seja necess\u00e1rio ou quando o tenha expressamente consentido;<\/li>\n\n\n\n<li>Atualiza\u00e7\u00e3o dos registos internos;<\/li>\n\n\n\n<li>Melhoria dos produtos e servi\u00e7os;<\/li>\n\n\n\n<li>Utiliza\u00e7\u00e3o da Casinhas Beira-Mar: os seus dados pessoais ser\u00e3o recolhidos e tratados para que possa utilizar a nossa loja online;<\/li>\n\n\n\n<li>Utiliza\u00e7\u00e3o do nosso website: os dados pessoais recolhidos ser\u00e3o tratados e usadas para ajudar a tornar a sua visita no nosso site o mais produtiva e agrad\u00e1vel poss\u00edvel. Podemos ainda usar as informa\u00e7\u00f5es para personalizar o site de acordo com seus interesses;<\/li>\n\n\n\n<li>Contactos para fins de pesquisa de mercado;<\/li>\n\n\n\n<li>Marketing: trataremos os seus dados pessoais para podermos dar-lhe a conhecer novidades, promo\u00e7\u00f5es, companhas e outras oportunidades que poder\u00e1 beneficiar. No envio peri\u00f3dico de e-mails promocionais sobre os nossos produtos, ofertas especiais ou outras informa\u00e7\u00f5es que consideramos do seu interesse, utilizaremos o contacto que nos forneceu para o efeito;<\/li>\n\n\n\n<li>Contactar diretamente consigo.<\/li>\n<\/ul>\n\n\n\n<p>5. Partilha dos seus dados<\/p>\n\n\n\n<p>Os seus dados pessoais podem ser comunicados a prestadores de servi\u00e7os da&nbsp;Casinhas Beira-Mar, para efeitos de contabilidade e apoio jur\u00eddico, bem como \u00e0s autoridades judiciais, fiscais e regulat\u00f3rias com a finalidade de cumprimento de imposi\u00e7\u00f5es legais. Os seus dados ser\u00e3o ainda partilhados com terceiros para a presta\u00e7\u00e3o de determinados servi\u00e7os, a n\u00edvel de manuten\u00e7\u00e3o, apoio t\u00e9cnico, ou para lhe pudermos assegurar a presta\u00e7\u00e3o dos nossos servi\u00e7os, como \u00e9 o caso dos servi\u00e7os de entrega\/correio, podendo estes ter acesso a alguns dos seus dados pessoais para os fins contratualizados. Os dados pessoais que nos fornecer, e tendo em vista as finalidades acima indicadas, poder\u00e3o ser comunicados a empresas do grupo em que a Respons\u00e1vel pelo Tratamento esteja inserida, o que inclui empresas que detenham, direta ou indiretamente, uma participa\u00e7\u00e3o no capital social da Respons\u00e1vel pelo Tratamento.<\/p>\n\n\n\n<p>6. Dados Pessoais que recolhemos<\/p>\n\n\n\n<p>Podem ser recolhidos todos aqueles dados que sejam necess\u00e1rios para a formaliza\u00e7\u00e3o, execu\u00e7\u00e3o e gest\u00e3o do contrato. Podem ainda ser recolhidos todos aqueles dados que sejam necess\u00e1rios para se registar, utilizar o nosso website e loja online, bem como, para receber as nossa novidades e ofertas.<br>Distinguimos os seguintes dados pessoais:<\/p>\n\n\n\n<ul class=\"wp-block-list\">\n<li>Elementos de contacto: nome; morada; e-mail e telefone\/telem\u00f3vel;<\/li>\n\n\n\n<li>Elementos pessoais: data de nascimento; n\u00famero de identifica\u00e7\u00e3o civil; n\u00famero contribuinte; e dados banc\u00e1rios.<\/li>\n<\/ul>\n\n\n\n<p>7. Conserva\u00e7\u00e3o dos dados pessoais<\/p>\n\n\n\n<p>Os seus dados pessoais ser\u00e3o conservados por per\u00edodos de tempo diferentes, consoante a finalidade a que se destinam, mas sempre apenas pelo per\u00edodo necess\u00e1rio \u00e0 presta\u00e7\u00e3o dos servi\u00e7os, respetiva fatura\u00e7\u00e3o e cumprimento de obriga\u00e7\u00f5es legais.<br>Atingindo o prazo m\u00e1ximo de conserva\u00e7\u00e3o, os seus dados ser\u00e3o eliminados de forma segura ou anonimizados, caso seja poss\u00edvel.<\/p>\n\n\n\n<p>8. Os seus direitos<\/p>\n\n\n\n<p>A qualquer momento pode solicitar-nos, a t\u00edtulo gratuito[1] e para qualquer um dos contactos acima indicados, o seguinte:<\/p>\n\n\n\n<p>a) o acesso \u00e0 informa\u00e7\u00e3o que temos sobre si, isto \u00e9, pode confirmar se os seus dados s\u00e3o ou n\u00e3o objeto de tratamento e, em caso afirmativo, aceder aos seus dados pessoais (direito de acesso);<\/p>\n\n\n\n<p>b) a retifica\u00e7\u00e3o da informa\u00e7\u00e3o que dispomos sobre si, no caso de esta ser incorreta ou incompleta (direito de retifica\u00e7\u00e3o);<\/p>\n\n\n\n<p>c) a elimina\u00e7\u00e3o dos dados pessoais, ou seja, poder\u00e1 requerer-nos que os seus dados sejam apagados caso: i) deixem de ser necess\u00e1rios \u00e0 finalidade que motivou a sua recolha ou o tratamento; o titular tenha retirado o consentimento para o tratamento de dados e n\u00e3o existir outro fundamento para o referido tratamento (direito ao esquecimento);<\/p>\n\n\n\n<p>d) a limita\u00e7\u00e3o do tratamento dos seus dados pessoais, em casos espec\u00edficos;<\/p>\n\n\n\n<p>e) a oposi\u00e7\u00e3o ao seu tratamento, por outras palavras, pode opor-se ao tratamento dos seus dados pessoais sempre que o tratamento for efetuado para efeitos de marketing direto ou para promo\u00e7\u00e3o e divulga\u00e7\u00e3o dos nossos servi\u00e7os (direito de oposi\u00e7\u00e3o);<\/p>\n\n\n\n<p>f) a portabilidades dos dados pessoais, isto \u00e9, pode pedir-nos para receber os seus dados em formato de leitura autom\u00e1tica e envi\u00e1-los para outro respons\u00e1vel pelo tratamento (direito \u00e0 portabilidade).<\/p>\n\n\n\n<p>A qualquer momento poder\u00e1 ainda retirar o seu consentimento, caso o mesmo seja legalmente necess\u00e1rio para o tratamento de dados pessoais. Todavia, este direito n\u00e3o compromete a licitude do tratamento efetuado com base no consentimento previamente dado nem o tratamento posterior dos mesmos dados, como \u00e9 o caso do cumprimento do contrato ou das obriga\u00e7\u00f5es legais a que a&nbsp;Casinhas Beira-Mar&nbsp;est\u00e1 sujeita.<\/p>\n\n\n\n<p>Os seus pedidos ser\u00e3o tratados com especial cuidado para que possamos assegurar com efic\u00e1cia os seus direitos. Ser\u00e1 informado das medidas tomadas decorrentes da sua solicita\u00e7\u00e3o no prazo m\u00e1ximo de 30 (trinta) dias contados a partir do momento do seu pedido.<\/p>\n\n\n\n<p>Tem direito a ser notificado, nos termos previstos no Regulamento Geral sobre a Prote\u00e7\u00e3o de Dados, caso ocorra uma viola\u00e7\u00e3o dos seus dados pessoais.<\/p>\n\n\n\n<p>Al\u00e9m dos direitos elencados acima, tem ainda direito a apresentar uma reclama\u00e7\u00e3o \u00e0 Comiss\u00e3o Nacional de Prote\u00e7\u00e3o de Dados.<\/p>\n\n\n\n<p>9. Procedimentos da Casinhas Beira-Mar<\/p>\n\n\n\n<p>A Casinhas Beira-Mar tomou as medidas t\u00e9cnicas e organizativas necess\u00e1rias ao cumprimento do Regulamento Geral Prote\u00e7\u00e3o de Dados, garantindo que o tratamento dos dados \u00e9 l\u00edcito, leal, transparente e limitado \u00e0s finalidades autorizadas. A Casinhas Beira-Mar adotou as medidas que considerou adequadas para assegurar a exatid\u00e3o, integridade e confidencialidade dos dados pessoais, bem como os demais direitos.<\/p>\n\n\n\n<p>10. Navega\u00e7\u00e3o no nosso website e utiliza\u00e7\u00e3o da loja online<\/p>\n\n\n\n<p>Ao navegar no nosso website e ao utilizar a nossa loja online, pressupomos que aceita a nossa Pol\u00edtica de Privacidade. Tal como outros websites, a Casinhas Beira-Mar tamb\u00e9m recolhe e utiliza informa\u00e7\u00e3o contida nos an\u00fancios (quando os faz). A informa\u00e7\u00e3o contida nos an\u00fancios, inclui o seu endere\u00e7o IP (Internet Protocol), o seu ISP (Internet Service Provider, como o Sapo, Clix, ou outro), o browser que utilizou ao visitar o nosso website (como o Internet Explorer ou o Firefox), o tempo da sua visita e que p\u00e1ginas visitou dentro do nosso website. Utilizamos cookies para armazenar informa\u00e7\u00e3o, tais como os seus dados de navega\u00e7\u00e3o quando visita o nosso website. Isto poder\u00e1 incluir um simples popup ou uma liga\u00e7\u00e3o a v\u00e1rios servi\u00e7os que providenciamos, tais como campanhas de e-mail ou promo\u00e7\u00e3o. Os cookies s\u00e3o importantes para n\u00f3s para efeitos estat\u00edsticos e segmenta\u00e7\u00e3o. Enquanto utilizador pode desligar os seus cookies nas op\u00e7\u00f5es do seu browser ou efetuando altera\u00e7\u00f5es nas ferramentas de programas Antiv\u00edrus. No entanto, isso poder\u00e1 alterar a forma como interage com o nosso website ou outros websites. O website utiliza o servi\u00e7o Google Analytics, cujos cookies e pol\u00edtica de privacidade podem ser consultados em: https:\/\/developers.google.com\/analytics\/devguides\/collection\/analyticsjs\/cookie-usage#gajs e https:\/\/www.google.com\/intl\/pt-PT\/policies\/ A loja online poder\u00e1 possuir liga\u00e7\u00f5es para outros sites, os quais, no nosso entendimento, podem conter informa\u00e7\u00f5es e\/ou ferramentas \u00fateis para o visitante. A Pol\u00edtica de Privacidade da Casinhas Beira-Mar n\u00e3o \u00e9 aplicada a sites de terceiros, pelo que, caso visite outro site a partir do nosso dever\u00e1 ler a pol\u00edtica de privacidade do mesmo. N\u00e3o nos responsabilizamos pela pol\u00edtica de privacidade ou conte\u00fado presente nesses mesmos sites.<\/p>\n\n\n\n<p>11. D\u00favidas e atualiza\u00e7\u00e3o da nossa Pol\u00edtica de Privacidade<\/p>\n\n\n\n<p>Se permanecer alguma d\u00favida ou necessitar de esclarecimentos adicionais relativamente ao tratamento dos seus dados pessoais, ou pretender exercer alguns dos seus direitos, por favor contacte-nos utilizando os canais disponibilizados anteriormente. A Casinhas Beira-Mar pode ocasionalmente atualizar a sua Pol\u00edtica de Privacidade, solicitando-se que reveja periodicamente este documento para se manter atualizado. [1]Salvo nos casos em que o pedido apresentado for manifestamente infundado ou excessivo, nomeadamente, devido ao seu car\u00e1cter repetitivo. Nesse caso a Casinhas Beira-Mar pode exigir o pagamento de uma taxa razo\u00e1vel tendo em conta os custos por si suportados ou recusar-se, fundamentadamente, a dar seguimento ao pedido.<\/p>\n","protected":false},"excerpt":{"rendered":"<p>Nas Casinhas Beira-Mar respeitamos a sua privacidade e agradecemos a confian\u00e7a em n\u00f3s depositada. A privacidade dos nossos clientes e fornecedores \u00e9 para n\u00f3s fundamental. Assim, queremos que esteja informado sobre a nova legisla\u00e7\u00e3o da prote\u00e7\u00e3o de dados pessoais, que entrou em vigor no dia 25 de maio de 2018, e sobre as medidas e&#8230;<\/p>\n","protected":false},"author":1,"featured_media":0,"parent":0,"menu_order":0,"comment_status":"closed","ping_status":"open","template":"","meta":{"om_disable_all_campaigns":false,"_monsterinsights_skip_tracking":false,"_monsterinsights_sitenote_active":false,"_monsterinsights_sitenote_note":"","_monsterinsights_sitenote_category":0,"footnotes":""},"class_list":["post-3","page","type-page","status-publish","hentry"],"yoast_head":"<!-- This site is optimized with the Yoast SEO Premium plugin v23.1 (Yoast SEO v26.8) - https:\/\/yoast.com\/product\/yoast-seo-premium-wordpress\/ -->\n<title>Pol\u00edtica de privacidade | Beira-Mar Nazar\u00e9 Apartments<\/title>\n<meta name=\"robots\" content=\"index, follow, max-snippet:-1, max-image-preview:large, max-video-preview:-1\" \/>\n<link rel=\"canonical\" href=\"https:\/\/onicop.blog\/?page_id=3\" \/>\n<meta property=\"og:locale\" content=\"pt_PT\" \/>\n<meta property=\"og:type\" content=\"article\" \/>\n<meta property=\"og:title\" content=\"Pol\u00edtica de privacidade\" \/>\n<meta property=\"og:description\" content=\"Nas Casinhas Beira-Mar respeitamos a sua privacidade e agradecemos a confian\u00e7a em n\u00f3s depositada. A privacidade dos nossos clientes e fornecedores \u00e9 para n\u00f3s fundamental. Assim, queremos que esteja informado sobre a nova legisla\u00e7\u00e3o da prote\u00e7\u00e3o de dados pessoais, que entrou em vigor no dia 25 de maio de 2018, e sobre as medidas e...\" \/>\n<meta property=\"og:url\" content=\"https:\/\/onicop.blog\/?page_id=3\" \/>\n<meta property=\"og:site_name\" content=\"Beira-Mar Nazar\u00e9 Apartments\" \/>\n<meta property=\"article:modified_time\" content=\"2023-10-20T08:56:04+00:00\" \/>\n<meta name=\"twitter:card\" content=\"summary_large_image\" \/>\n<meta name=\"twitter:label1\" content=\"Tempo estimado de leitura\" \/>\n\t<meta name=\"twitter:data1\" content=\"9 minutos\" \/>\n<script type=\"application\/ld+json\" class=\"yoast-schema-graph\">{\"@context\":\"https:\/\/schema.org\",\"@graph\":[{\"@type\":\"WebPage\",\"@id\":\"https:\/\/onicop.blog\/?page_id=3\",\"url\":\"https:\/\/onicop.blog\/?page_id=3\",\"name\":\"Pol\u00edtica de privacidade | Beira-Mar Nazar\u00e9 Apartments\",\"isPartOf\":{\"@id\":\"https:\/\/onicop.blog\/#website\"},\"datePublished\":\"2023-09-30T21:36:43+00:00\",\"dateModified\":\"2023-10-20T08:56:04+00:00\",\"breadcrumb\":{\"@id\":\"https:\/\/onicop.blog\/?page_id=3#breadcrumb\"},\"inLanguage\":\"pt-PT\",\"potentialAction\":[{\"@type\":\"ReadAction\",\"target\":[\"https:\/\/onicop.blog\/?page_id=3\"]}]},{\"@type\":\"BreadcrumbList\",\"@id\":\"https:\/\/onicop.blog\/?page_id=3#breadcrumb\",\"itemListElement\":[{\"@type\":\"ListItem\",\"position\":1,\"name\":\"In\u00edcio\",\"item\":\"https:\/\/onicop.blog\/\"},{\"@type\":\"ListItem\",\"position\":2,\"name\":\"Pol\u00edtica de privacidade\"}]},{\"@type\":\"WebSite\",\"@id\":\"https:\/\/onicop.blog\/#website\",\"url\":\"https:\/\/onicop.blog\/\",\"name\":\"Beira-Mar Nazar\u00e9 Apartments\",\"description\":\"Casa de f\u00e9rias na Nazar\u00e9\",\"publisher\":{\"@id\":\"https:\/\/onicop.blog\/#organization\"},\"potentialAction\":[{\"@type\":\"SearchAction\",\"target\":{\"@type\":\"EntryPoint\",\"urlTemplate\":\"https:\/\/onicop.blog\/?s={search_term_string}\"},\"query-input\":{\"@type\":\"PropertyValueSpecification\",\"valueRequired\":true,\"valueName\":\"search_term_string\"}}],\"inLanguage\":\"pt-PT\"},{\"@type\":\"Organization\",\"@id\":\"https:\/\/onicop.blog\/#organization\",\"name\":\"Beira-Mar Nazar\u00e9 Apartments\",\"url\":\"https:\/\/onicop.blog\/\",\"logo\":{\"@type\":\"ImageObject\",\"inLanguage\":\"pt-PT\",\"@id\":\"https:\/\/onicop.blog\/#\/schema\/logo\/image\/\",\"url\":\"https:\/\/onicop.blog\/wp-content\/uploads\/2020\/09\/Beira-Mar-Logo-teste-1-1.png\",\"contentUrl\":\"https:\/\/onicop.blog\/wp-content\/uploads\/2020\/09\/Beira-Mar-Logo-teste-1-1.png\",\"width\":722,\"height\":221,\"caption\":\"Beira-Mar Nazar\u00e9 Apartments\"},\"image\":{\"@id\":\"https:\/\/onicop.blog\/#\/schema\/logo\/image\/\"},\"description\":\"Aluguer de casas de f\u00e9rias na Nazar\u00e9.\",\"email\":\"info@beirmarnazare.com\",\"telephone\":\"919592550\",\"vatID\":\"509614582\",\"numberOfEmployees\":{\"@type\":\"QuantitativeValue\",\"minValue\":\"1\",\"maxValue\":\"10\"},\"publishingPrinciples\":\"https:\/\/onicop.blog\/?page_id=7322\"}]}<\/script>\n<!-- \/ Yoast SEO Premium plugin. -->","yoast_head_json":{"title":"Pol\u00edtica de privacidade | Beira-Mar Nazar\u00e9 Apartments","robots":{"index":"index","follow":"follow","max-snippet":"max-snippet:-1","max-image-preview":"max-image-preview:large","max-video-preview":"max-video-preview:-1"},"canonical":"https:\/\/onicop.blog\/?page_id=3","og_locale":"pt_PT","og_type":"article","og_title":"Pol\u00edtica de privacidade","og_description":"Nas Casinhas Beira-Mar respeitamos a sua privacidade e agradecemos a confian\u00e7a em n\u00f3s depositada. A privacidade dos nossos clientes e fornecedores \u00e9 para n\u00f3s fundamental. Assim, queremos que esteja informado sobre a nova legisla\u00e7\u00e3o da prote\u00e7\u00e3o de dados pessoais, que entrou em vigor no dia 25 de maio de 2018, e sobre as medidas e...","og_url":"https:\/\/onicop.blog\/?page_id=3","og_site_name":"Beira-Mar Nazar\u00e9 Apartments","article_modified_time":"2023-10-20T08:56:04+00:00","twitter_card":"summary_large_image","twitter_misc":{"Tempo estimado de leitura":"9 minutos"},"schema":{"@context":"https:\/\/schema.org","@graph":[{"@type":"WebPage","@id":"https:\/\/onicop.blog\/?page_id=3","url":"https:\/\/onicop.blog\/?page_id=3","name":"Pol\u00edtica de privacidade | Beira-Mar Nazar\u00e9 Apartments","isPartOf":{"@id":"https:\/\/onicop.blog\/#website"},"datePublished":"2023-09-30T21:36:43+00:00","dateModified":"2023-10-20T08:56:04+00:00","breadcrumb":{"@id":"https:\/\/onicop.blog\/?page_id=3#breadcrumb"},"inLanguage":"pt-PT","potentialAction":[{"@type":"ReadAction","target":["https:\/\/onicop.blog\/?page_id=3"]}]},{"@type":"BreadcrumbList","@id":"https:\/\/onicop.blog\/?page_id=3#breadcrumb","itemListElement":[{"@type":"ListItem","position":1,"name":"In\u00edcio","item":"https:\/\/onicop.blog\/"},{"@type":"ListItem","position":2,"name":"Pol\u00edtica de privacidade"}]},{"@type":"WebSite","@id":"https:\/\/onicop.blog\/#website","url":"https:\/\/onicop.blog\/","name":"Beira-Mar Nazar\u00e9 Apartments","description":"Casa de f\u00e9rias na Nazar\u00e9","publisher":{"@id":"https:\/\/onicop.blog\/#organization"},"potentialAction":[{"@type":"SearchAction","target":{"@type":"EntryPoint","urlTemplate":"https:\/\/onicop.blog\/?s={search_term_string}"},"query-input":{"@type":"PropertyValueSpecification","valueRequired":true,"valueName":"search_term_string"}}],"inLanguage":"pt-PT"},{"@type":"Organization","@id":"https:\/\/onicop.blog\/#organization","name":"Beira-Mar Nazar\u00e9 Apartments","url":"https:\/\/onicop.blog\/","logo":{"@type":"ImageObject","inLanguage":"pt-PT","@id":"https:\/\/onicop.blog\/#\/schema\/logo\/image\/","url":"https:\/\/onicop.blog\/wp-content\/uploads\/2020\/09\/Beira-Mar-Logo-teste-1-1.png","contentUrl":"https:\/\/onicop.blog\/wp-content\/uploads\/2020\/09\/Beira-Mar-Logo-teste-1-1.png","width":722,"height":221,"caption":"Beira-Mar Nazar\u00e9 Apartments"},"image":{"@id":"https:\/\/onicop.blog\/#\/schema\/logo\/image\/"},"description":"Aluguer de casas de f\u00e9rias na Nazar\u00e9.","email":"info@beirmarnazare.com","telephone":"919592550","vatID":"509614582","numberOfEmployees":{"@type":"QuantitativeValue","minValue":"1","maxValue":"10"},"publishingPrinciples":"https:\/\/onicop.blog\/?page_id=7322"}]}},"jetpack_sharing_enabled":true,"_links":{"self":[{"href":"https:\/\/onicop.blog\/index.php?rest_route=\/wp\/v2\/pages\/3","targetHints":{"allow":["GET"]}}],"collection":[{"href":"https:\/\/onicop.blog\/index.php?rest_route=\/wp\/v2\/pages"}],"about":[{"href":"https:\/\/onicop.blog\/index.php?rest_route=\/wp\/v2\/types\/page"}],"author":[{"embeddable":true,"href":"https:\/\/onicop.blog\/index.php?rest_route=\/wp\/v2\/users\/1"}],"replies":[{"embeddable":true,"href":"https:\/\/onicop.blog\/index.php?rest_route=%2Fwp%2Fv2%2Fcomments&post=3"}],"version-history":[{"count":0,"href":"https:\/\/onicop.blog\/index.php?rest_route=\/wp\/v2\/pages\/3\/revisions"}],"wp:attachment":[{"href":"https:\/\/onicop.blog\/index.php?rest_route=%2Fwp%2Fv2%2Fmedia&parent=3"}],"curies":[{"name":"wp","href":"https:\/\/api.w.org\/{rel}","templated":true}]}}