{"id":6556,"date":"2023-09-30T21:36:43","date_gmt":"2023-09-30T21:36:43","guid":{"rendered":"https:\/\/onicop.blog\/?page_id=6556"},"modified":"2023-10-20T08:56:42","modified_gmt":"2023-10-20T08:56:42","slug":"termos-e-condicoes","status":"publish","type":"page","link":"https:\/\/onicop.blog\/?page_id=6556","title":{"rendered":"Termos e Condi\u00e7\u00f5es"},"content":{"rendered":"\n<p>1. TERMOS GERAIS<\/p>\n\n\n\n<p>1. As vendas de mercadorias pela Casinhas Beira-Mar, regem-se pelas condi\u00e7\u00f5es especiais de cada fornecimento e pelas presentes condi\u00e7\u00f5es gerais.<br>2. O estabelecimento de uma rela\u00e7\u00e3o comercial continua com um cliente significa que este aceita e concorda com as presentes condi\u00e7\u00f5es de venda e entrega.<\/p>\n\n\n\n<p>2. ENCOMENDAS<\/p>\n\n\n\n<p>1. Todos os pedidos de reserva devem ser apresentados \u00e0 Casinhas Beira-Mar por email.<br>2. Todas asreservas devem ser apresentadas \u00e0 Casinhas Beira-Mar por email.<br>3. A formula\u00e7\u00e3o da reserva \u00e0 Casinhas Beira-Mar, pressup\u00f5e a vincula\u00e7\u00e3o do cliente \u00e0s presentes condi\u00e7\u00f5es gerais de venda, sem quaisquer reservas, considerando-se como n\u00e3o escritas outras cl\u00e1usulas em contr\u00e1rio constantes de requisi\u00e7\u00f5es ou notas de encomenda.<\/p>\n\n\n\n<p>3. PRE\u00c7OS<\/p>\n\n\n\n<p>1. Ser\u00e3o praticados os mencionados nas tabelas que se encontrem em vigor na altura do fornecimento. Os pre\u00e7os das tabelas podem ser alterados sem aviso pr\u00e9vio, e est\u00e3o sempre sujeitos \u00e0 respetiva taxa de IVA.<br>2. Ser\u00e3o praticados os indicados no pedido de reserva, sempre que a encomenda seja colocada dentro do prazo de validade indicado no mesmo, caso tal n\u00e3o aconte\u00e7a, ser\u00e1 enviado novo or\u00e7amento.<\/p>\n\n\n\n<p>4. RECLAMA\u00c7\u00d5ES<\/p>\n\n\n\n<p>1. O cliente dever\u00e1 conferir a reserva efetuada imediatamente no momento do check-in, e em caso de defeitos vis\u00edveis, dever\u00e1 interpor imediatamente reclama\u00e7\u00e3o por escrito.<br>2. O cliente dever\u00e1 informar imediatamente a Casinhas Beira-Mar sobre os danos causados durante o transporte.<br>3. Produtos que sejam reclamados devido a defeito na parte da Casinhas Beira-Mar apenas dar\u00e3o origem a reposi\u00e7\u00f5es e\/ou Nota de Cr\u00e9dito desde que a quantidade reclamada seja colocada \u00e0 disposi\u00e7\u00e3o da Casinhas Beira-Mar para verifica\u00e7\u00e3o.<br>4. Caso o cliente n\u00e3o cumpra com a sua obriga\u00e7\u00e3o de verificar e reclamar, no prazo de 8 horas posteriores ao check-in, deixar\u00e1 de poder fazer valer as reclama\u00e7\u00f5es por defeitos.<\/p>\n\n\n\n<p>5. PAGAMENTOS<\/p>\n\n\n\n<p>1.Os pagamentos dos fornecimentos efetuados pela Casinhas Beira-Mar ser\u00e3o feitos por uma das seguintes formas : Transfer\u00eancia banc\u00e1ria ou Numer\u00e1rio.<br>2. O incumprimento das condi\u00e7\u00f5es de pagamento acordadas confere \u00e0 Casinhas Beira-Mar o direito a:<br>a. Debitar ao cliente juros de mora, \u00e0 taxa morat\u00f3ria legal, contados do vencimento da obriga\u00e7\u00e3o at\u00e9 ao seu integral cumprimento;<br>b. Anular ou suspender o fornecimento de reservas em carteira do mesmo cliente, salvo pagamento contra entrega em numer\u00e1rio da reserva.<br>3. Eventuais reclama\u00e7\u00f5es sobre fornecimentos j\u00e1 efetuados, n\u00e3o legitimar\u00e3o a recusa de pagamentos de outros fornecimentos.<\/p>\n\n\n\n<p>6. RESERVA DE PROPRIEDADE<\/p>\n\n\n\n<p>1. O alojamento permanece propriedade da Casinhas Beira-Mar at\u00e9 ao pagamento completo da respetiva reserva. Se tivemos ainda outros cr\u00e9ditos contra o cliente, assim permanece, vigorando a reserva de propriedade at\u00e9 ao seu pagamento.<br>2. Em caso de tentativa de penhora, por terceiros, dos Alojamentos pertencentes \u00e0 Casinhas Beira-Mar, o comprador deve indicar a propriedade ou copropriedade da Casinhas Beira-Mar e informar a mesma imediatamente, apresentando por escrito dados como n\u00famero do processo, dia da penhora, credor em quest\u00e3o, seu advogado e os direitos reclamados.<br>3. Todos os custos relacionados com a salvaguarda da nossa propriedade ficam ao encargo completo do comprador.<\/p>\n\n\n\n<p>7. JURISDI\u00c7\u00c3O<\/p>\n\n\n\n<p>1. O foro competente para dirimir quaisquer lit\u00edgios referentes \u00e9 o da comarca de Leiria.<br>2. A rela\u00e7\u00e3o negociai entre as partes est\u00e1 exclusivamente sujeita \u00e0 lei material portuguesa.<\/p>\n\n\n\n<p>8. ALTERA\u00c7\u00d5ES<\/p>\n\n\n\n<p>1. As presentes Condi\u00e7\u00f5es Gerais de Venda podem ser alteradas a qualquer momento por decis\u00e3o unilateral da Casinhas Beira-Mar, apenas produzindo efeitos sobre reservas efetuadas ap\u00f3s a sua entrada em vigor.<\/p>\n","protected":false},"excerpt":{"rendered":"<p>1. TERMOS GERAIS 1. As vendas de mercadorias pela Casinhas Beira-Mar, regem-se pelas condi\u00e7\u00f5es especiais de cada fornecimento e pelas presentes condi\u00e7\u00f5es gerais.2. O estabelecimento de uma rela\u00e7\u00e3o comercial continua com um cliente significa que este aceita e concorda com as presentes condi\u00e7\u00f5es de venda e entrega. 2. ENCOMENDAS 1. Todos os pedidos de reserva&#8230;<\/p>\n","protected":false},"author":1,"featured_media":0,"parent":0,"menu_order":0,"comment_status":"closed","ping_status":"open","template":"","meta":{"om_disable_all_campaigns":false,"_monsterinsights_skip_tracking":false,"_monsterinsights_sitenote_active":false,"_monsterinsights_sitenote_note":"","_monsterinsights_sitenote_category":0,"footnotes":""},"class_list":["post-6556","page","type-page","status-publish","hentry"],"yoast_head":"<!-- This site is optimized with the Yoast SEO Premium plugin v23.1 (Yoast SEO v26.8) - https:\/\/yoast.com\/product\/yoast-seo-premium-wordpress\/ -->\n<title>Termos e Condi\u00e7\u00f5es | Beira-Mar Nazar\u00e9 Apartments<\/title>\n<meta name=\"robots\" content=\"index, follow, max-snippet:-1, max-image-preview:large, max-video-preview:-1\" \/>\n<link rel=\"canonical\" href=\"https:\/\/onicop.blog\/?page_id=6556\" \/>\n<meta property=\"og:locale\" content=\"pt_PT\" \/>\n<meta property=\"og:type\" content=\"article\" \/>\n<meta property=\"og:title\" content=\"Termos e Condi\u00e7\u00f5es\" \/>\n<meta property=\"og:description\" content=\"1. TERMOS GERAIS 1. As vendas de mercadorias pela Casinhas Beira-Mar, regem-se pelas condi\u00e7\u00f5es especiais de cada fornecimento e pelas presentes condi\u00e7\u00f5es gerais.2. O estabelecimento de uma rela\u00e7\u00e3o comercial continua com um cliente significa que este aceita e concorda com as presentes condi\u00e7\u00f5es de venda e entrega. 2. ENCOMENDAS 1. Todos os pedidos de reserva...\" \/>\n<meta property=\"og:url\" content=\"https:\/\/onicop.blog\/?page_id=6556\" \/>\n<meta property=\"og:site_name\" content=\"Beira-Mar Nazar\u00e9 Apartments\" \/>\n<meta property=\"article:modified_time\" content=\"2023-10-20T08:56:42+00:00\" \/>\n<meta name=\"twitter:card\" content=\"summary_large_image\" \/>\n<meta name=\"twitter:label1\" content=\"Tempo estimado de leitura\" \/>\n\t<meta name=\"twitter:data1\" content=\"3 minutos\" \/>\n<script type=\"application\/ld+json\" class=\"yoast-schema-graph\">{\"@context\":\"https:\/\/schema.org\",\"@graph\":[{\"@type\":\"WebPage\",\"@id\":\"https:\/\/onicop.blog\/?page_id=6556\",\"url\":\"https:\/\/onicop.blog\/?page_id=6556\",\"name\":\"Termos e Condi\u00e7\u00f5es | Beira-Mar Nazar\u00e9 Apartments\",\"isPartOf\":{\"@id\":\"https:\/\/onicop.blog\/#website\"},\"datePublished\":\"2023-09-30T21:36:43+00:00\",\"dateModified\":\"2023-10-20T08:56:42+00:00\",\"breadcrumb\":{\"@id\":\"https:\/\/onicop.blog\/?page_id=6556#breadcrumb\"},\"inLanguage\":\"pt-PT\",\"potentialAction\":[{\"@type\":\"ReadAction\",\"target\":[\"https:\/\/onicop.blog\/?page_id=6556\"]}]},{\"@type\":\"BreadcrumbList\",\"@id\":\"https:\/\/onicop.blog\/?page_id=6556#breadcrumb\",\"itemListElement\":[{\"@type\":\"ListItem\",\"position\":1,\"name\":\"In\u00edcio\",\"item\":\"https:\/\/onicop.blog\/\"},{\"@type\":\"ListItem\",\"position\":2,\"name\":\"Termos e Condi\u00e7\u00f5es\"}]},{\"@type\":\"WebSite\",\"@id\":\"https:\/\/onicop.blog\/#website\",\"url\":\"https:\/\/onicop.blog\/\",\"name\":\"Beira-Mar Nazar\u00e9 Apartments\",\"description\":\"Casa de f\u00e9rias na Nazar\u00e9\",\"publisher\":{\"@id\":\"https:\/\/onicop.blog\/#organization\"},\"potentialAction\":[{\"@type\":\"SearchAction\",\"target\":{\"@type\":\"EntryPoint\",\"urlTemplate\":\"https:\/\/onicop.blog\/?s={search_term_string}\"},\"query-input\":{\"@type\":\"PropertyValueSpecification\",\"valueRequired\":true,\"valueName\":\"search_term_string\"}}],\"inLanguage\":\"pt-PT\"},{\"@type\":\"Organization\",\"@id\":\"https:\/\/onicop.blog\/#organization\",\"name\":\"Beira-Mar Nazar\u00e9 Apartments\",\"url\":\"https:\/\/onicop.blog\/\",\"logo\":{\"@type\":\"ImageObject\",\"inLanguage\":\"pt-PT\",\"@id\":\"https:\/\/onicop.blog\/#\/schema\/logo\/image\/\",\"url\":\"https:\/\/onicop.blog\/wp-content\/uploads\/2020\/09\/Beira-Mar-Logo-teste-1-1.png\",\"contentUrl\":\"https:\/\/onicop.blog\/wp-content\/uploads\/2020\/09\/Beira-Mar-Logo-teste-1-1.png\",\"width\":722,\"height\":221,\"caption\":\"Beira-Mar Nazar\u00e9 Apartments\"},\"image\":{\"@id\":\"https:\/\/onicop.blog\/#\/schema\/logo\/image\/\"},\"description\":\"Aluguer de casas de f\u00e9rias na Nazar\u00e9.\",\"email\":\"info@beirmarnazare.com\",\"telephone\":\"919592550\",\"vatID\":\"509614582\",\"numberOfEmployees\":{\"@type\":\"QuantitativeValue\",\"minValue\":\"1\",\"maxValue\":\"10\"},\"publishingPrinciples\":\"https:\/\/onicop.blog\/?page_id=7322\"}]}<\/script>\n<!-- \/ Yoast SEO Premium plugin. -->","yoast_head_json":{"title":"Termos e Condi\u00e7\u00f5es | Beira-Mar Nazar\u00e9 Apartments","robots":{"index":"index","follow":"follow","max-snippet":"max-snippet:-1","max-image-preview":"max-image-preview:large","max-video-preview":"max-video-preview:-1"},"canonical":"https:\/\/onicop.blog\/?page_id=6556","og_locale":"pt_PT","og_type":"article","og_title":"Termos e Condi\u00e7\u00f5es","og_description":"1. TERMOS GERAIS 1. As vendas de mercadorias pela Casinhas Beira-Mar, regem-se pelas condi\u00e7\u00f5es especiais de cada fornecimento e pelas presentes condi\u00e7\u00f5es gerais.2. O estabelecimento de uma rela\u00e7\u00e3o comercial continua com um cliente significa que este aceita e concorda com as presentes condi\u00e7\u00f5es de venda e entrega. 2. ENCOMENDAS 1. Todos os pedidos de reserva...","og_url":"https:\/\/onicop.blog\/?page_id=6556","og_site_name":"Beira-Mar Nazar\u00e9 Apartments","article_modified_time":"2023-10-20T08:56:42+00:00","twitter_card":"summary_large_image","twitter_misc":{"Tempo estimado de leitura":"3 minutos"},"schema":{"@context":"https:\/\/schema.org","@graph":[{"@type":"WebPage","@id":"https:\/\/onicop.blog\/?page_id=6556","url":"https:\/\/onicop.blog\/?page_id=6556","name":"Termos e Condi\u00e7\u00f5es | Beira-Mar Nazar\u00e9 Apartments","isPartOf":{"@id":"https:\/\/onicop.blog\/#website"},"datePublished":"2023-09-30T21:36:43+00:00","dateModified":"2023-10-20T08:56:42+00:00","breadcrumb":{"@id":"https:\/\/onicop.blog\/?page_id=6556#breadcrumb"},"inLanguage":"pt-PT","potentialAction":[{"@type":"ReadAction","target":["https:\/\/onicop.blog\/?page_id=6556"]}]},{"@type":"BreadcrumbList","@id":"https:\/\/onicop.blog\/?page_id=6556#breadcrumb","itemListElement":[{"@type":"ListItem","position":1,"name":"In\u00edcio","item":"https:\/\/onicop.blog\/"},{"@type":"ListItem","position":2,"name":"Termos e Condi\u00e7\u00f5es"}]},{"@type":"WebSite","@id":"https:\/\/onicop.blog\/#website","url":"https:\/\/onicop.blog\/","name":"Beira-Mar Nazar\u00e9 Apartments","description":"Casa de f\u00e9rias na Nazar\u00e9","publisher":{"@id":"https:\/\/onicop.blog\/#organization"},"potentialAction":[{"@type":"SearchAction","target":{"@type":"EntryPoint","urlTemplate":"https:\/\/onicop.blog\/?s={search_term_string}"},"query-input":{"@type":"PropertyValueSpecification","valueRequired":true,"valueName":"search_term_string"}}],"inLanguage":"pt-PT"},{"@type":"Organization","@id":"https:\/\/onicop.blog\/#organization","name":"Beira-Mar Nazar\u00e9 Apartments","url":"https:\/\/onicop.blog\/","logo":{"@type":"ImageObject","inLanguage":"pt-PT","@id":"https:\/\/onicop.blog\/#\/schema\/logo\/image\/","url":"https:\/\/onicop.blog\/wp-content\/uploads\/2020\/09\/Beira-Mar-Logo-teste-1-1.png","contentUrl":"https:\/\/onicop.blog\/wp-content\/uploads\/2020\/09\/Beira-Mar-Logo-teste-1-1.png","width":722,"height":221,"caption":"Beira-Mar Nazar\u00e9 Apartments"},"image":{"@id":"https:\/\/onicop.blog\/#\/schema\/logo\/image\/"},"description":"Aluguer de casas de f\u00e9rias na Nazar\u00e9.","email":"info@beirmarnazare.com","telephone":"919592550","vatID":"509614582","numberOfEmployees":{"@type":"QuantitativeValue","minValue":"1","maxValue":"10"},"publishingPrinciples":"https:\/\/onicop.blog\/?page_id=7322"}]}},"jetpack_sharing_enabled":true,"_links":{"self":[{"href":"https:\/\/onicop.blog\/index.php?rest_route=\/wp\/v2\/pages\/6556","targetHints":{"allow":["GET"]}}],"collection":[{"href":"https:\/\/onicop.blog\/index.php?rest_route=\/wp\/v2\/pages"}],"about":[{"href":"https:\/\/onicop.blog\/index.php?rest_route=\/wp\/v2\/types\/page"}],"author":[{"embeddable":true,"href":"https:\/\/onicop.blog\/index.php?rest_route=\/wp\/v2\/users\/1"}],"replies":[{"embeddable":true,"href":"https:\/\/onicop.blog\/index.php?rest_route=%2Fwp%2Fv2%2Fcomments&post=6556"}],"version-history":[{"count":0,"href":"https:\/\/onicop.blog\/index.php?rest_route=\/wp\/v2\/pages\/6556\/revisions"}],"wp:attachment":[{"href":"https:\/\/onicop.blog\/index.php?rest_route=%2Fwp%2Fv2%2Fmedia&parent=6556"}],"curies":[{"name":"wp","href":"https:\/\/api.w.org\/{rel}","templated":true}]}}